be the second derivative of 3*w - w**b + 0 - 1/3*w**3. Calculate c(-4).
6
Let f(k) = -k**2 + 7*k + 13. Suppose -5*p + 51 = 3*s, 0*s = -5*p - s + 47. Calculate f(p).
-5
Suppose 2*c + 3*c = h + 14, 4*c + 4 = -3*h. Let a(m) = -4 - 3*m - 2*m**2 + 6*m**2 + m**3 + 0. Give a(h).
8
Let v = 5 - 2. Let b(i) = -2*i**2 + 5*i - 3. Determine b(v).
-6
Let q(c) = 5*c**3 + 2*c**2 + c + 2. Let j(i) = 11*i**3 + 4*i**2 + 2*i + 4. Let w(n) = -4*j(n) + 9*q(n). Give w(-3).
-10
Let o(n) = -8 + 4*n - 12 - 5*n**2 + 16 - n**3 + 2*n**3. Calculate o(4).
-4
Suppose -4*y = -4*x - 24, -y + 12 = 4*y + x. Let c(a) = 3*a + 2 - 4*a**3 + 3*a**3 + 2 - a**2 - y. Give c(-3).
10
Let f(i) = 1 + 2*i - 4*i + 9*i - 6*i. Calculate f(-1).
0
Let k(g) be the third derivative of 0 - 5/6*g**3 + 0*g - 6*g**2 - 1/12*g**4. Calculate k(-6).
7
Suppose 4*d - 18 + 2 = 0. Suppose -2*t = d*u + t + 27, 3*t + 6 = 3*u. Let c(z) = -z**2 + z + 2. What is c(u)?
-10
Let b(j) = -2*j - 7. Let r be b(-4). Let z(d) = -16*d**3 - d**2 + 2*d - 1. What is z(r)?
-16
Let h(b) = -b**2 - 6*b + 7. Let a(p) = -3*p**2 - 11*p + 14. Let v(y) = 2*a(y) - 5*h(y). What is v(6)?
5
Let s(u) = -5*u - 2*u**2 + 4*u + 4*u - 3. What is s(2)?
-5
Let c(q) be the first derivative of q**3/3 - 3*q**2 + 5*q + 6. What is c(6)?
5
Suppose d + 3*d - 5*j - 30 = 0, 0 = d - 3*j - 11. Suppose -d*u + 2*u = 0. Let r(k) = k**3 + k**2 - 4. What is r(u)?
-4
Suppose -5*b = -2*b + 5*u - 73, 4 = -4*u. Suppose 2*f - 3 = 5*i, -2*i = 4*f - b + 8. Let x(k) = -8*k**3 - k + 1. Give x(i).
-8
Let z(l) be the first derivative of -1/120*l**5 + 2/3*l**3 + 1 - 1/24*l**4 + 0*l**2 + 1/360*l**6 + 0*l. Let q(d) be the third derivative of z(d). What is q(-2)?
5
Let w = -2/11 + 35/132. Let n(o) be the second derivative of -2*o + 0 - w*o**4 + 3/2*o**2 - 1/6*o**3. What is n(-3)?
-3
Let u(c) = -c**3 - 4*c**2 + 2*c - 3. Let n(z) = 4*z**3 + z + 13 - 13. Let b be n(-1). Let a be (b + 3)*(-4)/(-2). What is u(a)?
-11
Let u be 18/(-72) + 21/4. Let r(c) = c**3 - 6*c**2 - c - 4. What is r(u)?
-34
Let y(q) = -q - 2. Let o(h) = -1. Let x(p) = 10*o(p) - 4*y(p). Let g(t) = 3*t - 1. Let b = 3 + -1. Let r(m) = b*x(m) - 3*g(m). Calculate r(-3).
2
Let q(d) = -d + 1. Let a be q(5). Let v(r) be the first derivative of 3*r**2 + 15*r - 2. Let c(w) = 4*w + 10. Let z(m) = -7*c(m) + 5*v(m). Give z(a).
-3
Let q(y) be the first derivative of -y**4/4 - 5*y**3/3 - y**2/2 + 4*y - 12. Determine q(-3).
-11
Let n(u) be the first derivative of u**2/2 - 2*u - 5. Let q(i) = i**3 + 3*i**2 - 1. Let a be q(-2). Give n(a).
1
Suppose a + 3*y = -9, 2*a + 27 = -a - 5*y. Let k be ((-6)/a)/((-2)/3). Let i(v) = -v. Let m(x) = 6*x + 1. Let c(w) = -11*i(w) - 2*m(w). What is c(k)?
-1
Let n be 52/30 + 6/(-15). Let s(g) be the third derivative of -1/3*g**4 + 0*g + 3*g**2 + 1/60*g**5 + n*g**3 + 0. Determine s(7).
1
Let c(f) = -f - 3. Let k be c(-3). Suppose 2 = 4*t + r, k*r = -5*r + 10. Let b(j) = -j**3 - j**2 - j + 2. What is b(t)?
2
Let z be (1 + (-15)/9)*-3. Let h(f) = 4*f - 7*f - z*f + f. Determine h(-1).
4
Let o(z) be the first derivative of z**3/3 + 3*z**2 - 10*z - 1. Give o(-8).
6
Let q(p) = -p**3 + 2*p + 1 - p**2 - 3*p**2 + 2*p**2. Let y be q(-2). Let a(f) = -f**2 - f + 1. Calculate a(y).
-5
Let p(g) be the first derivative of -g**3/3 - 3*g**2/2 + 4*g + 1. Let r(v) = v + 0*v - 2 - v**2 + 4 + 0. Let i be r(-2). Give p(i).
0
Let d(q) = -5*q + 5. Suppose 8*h - 2*h = 24. Determine d(h).
-15
Let s = 8 - 12. Let k(r) = 2 - 3 + 4 + 1 + r. Give k(s).
0
Suppose 4*u - 4*s = 0, -3*s = 5*u + 2 + 6. Let m(n) = 8*n**2 + 2*n + 7. Let o(w) = 4*w**2 + w + 3. Let v(d) = 2*m(d) - 5*o(d). What is v(u)?
-4
Let u(m) = -m**2 - 3*m + 4. Let w = 16 + -6. Suppose -o + w = o. Suppose 4*n + 0*q + q = -15, 2*n = -o*q - 3. Determine u(n).
0
Let z(b) = -b**3 - 4*b**2 - 2*b - 3. Suppose 4*x - 13 - 15 = 0. Suppose 0 = x*p - 4*p + 9. What is z(p)?
-6
Let x(d) be the third derivative of -d**7/2520 - 7*d**6/720 + d**5/60 - d**4/8 - 9*d**2. Let c(q) be the second derivative of x(q). Give c(-6).
8
Let b be -5 + (-5)/(-1) + 1. Let l(t) = -23*t**2 - t. Calculate l(b).
-24
Let p(z) = z - 1. Let q(h) = -2. Let b(j) = -2*p(j) + 3*q(j). What is b(-3)?
2
Suppose 0*w - 20 = 4*w. Let y = -9 - w. Let k(n) = 59*n + 56*n - 114*n + 1. Give k(y).
-3
Let m(b) = 5 + 3*b - 5 - 5. Suppose 2*x - 7*x + 20 = 0. Calculate m(x).
7
Let i(x) be the third derivative of 0*x - x**2 - 7/6*x**3 + 1/8*x**4 + 0. Suppose 0 = 4*a + 4*f - 28, -2*a = -6*a + 3*f + 14. Give i(a).
8
Let q(s) = 13*s - 16*s + 2 + s**2 - 8. Determine q(5).
4
Suppose -5*v = -4*v. Let k(m) = v*m - 1 + 5*m - 9 + 5*m**2 + m. Let y(n) = -4*n**2 - 5*n + 9. Let q(h) = -3*k(h) - 4*y(h). Calculate q(-5).
9
Suppose -27 = 5*h + 13. Let m(u) = u**2 + 10*u + 11. Determine m(h).
-5
Let y(h) = 57 - 61 + 3*h**2 - 2*h**2 + 5*h. What is y(3)?
20
Let o be 10 + -3*(-4)/(-6). Let b(m) = -8 - 2*m - m + m. Let n(h) = 3*h + 12. Let k(s) = o*b(s) + 5*n(s). What is k(-3)?
-1
Let y be ((-21)/14)/(3/4). Let v(u) = -u**3 - 3*u**2 - 2*u. Calculate v(y).
0
Let x(a) = -a**2 - 3*a + 7. Let d be x(-4). Let u(m) = -4*m + 2. Give u(d).
-10
Suppose -18*x - 34 = -x. Let u(k) = 3*k + 3 + k + 0*k. What is u(x)?
-5
Let u(q) be the first derivative of -q**4/4 + q**2/2 + 6*q + 3. Calculate u(0).
6
Let m(y) be the first derivative of -y**4/4 + 2*y**3/3 - y**2/2 - y - 76. Let u = 7 - 5. Calculate m(u).
-3
Let n(l) be the first derivative of l**3 + l**2 + l - 8. Calculate n(-2).
9
Suppose 5*z - 3*v = 30, 5*z + v = 3*v + 25. Let u(h) = -z*h**3 - h + 2*h**3 - h + 1 + 4*h**2. Give u(4).
-7
Let b(z) = -z**2 + 10*z - 5. Suppose -v = 5*j + 2*v - 43, 12 = j + 4*v. What is b(j)?
11
Let o(r) = 2*r + 4. Let t be 38/6 + 1/(-3). Suppose -t + 2 = -2*a. Suppose a*c + 15 = -c. Calculate o(c).
-6
Let j(b) = -b**2 - 2*b + 2. Let i be -3 + -2 + (1 - 0). What is j(i)?
-6
Let v be 9/((2/(-6))/(2/6)). Let j(y) = -y**3 - 9*y**2 - y - 7. Calculate j(v).
2
Suppose -2*h + 8 = 0, 4*f + 3*h = -1 - 3. Let q(s) = -5*s**2 + 3*s - 11. Let m = -9 + 4. Let u(k) = 3*k**2 - 2*k + 7. Let x(w) = m*q(w) - 8*u(w). What is x(f)?
11
Let s(a) = 0 + 0*a - a + 5. Let d be s(0). Let z(x) = -x**3 + 4*x**2 + 7*x - 1. Determine z(d).
9
Let w = 1 - 0. Let y be -1*(-4 + w) + 0. Let a(h) = -h - h**2 - y - h + 4*h. Determine a(2).
-3
Let p(i) be the first derivative of 2*i**2 - 1. Let a be (5/(-4) + 3/4)*-4. Determine p(a).
8
Let w be (4/(-14))/((-8)/28). Let p(b) be the first derivative of -2*b**2 + b + 13. Calculate p(w).
-3
Let y(v) = v**2 + 6*v. Let r = 1 + -9. Let j = -2 + -11. Let b = j - r. What is y(b)?
-5
Let p(z) be the second derivative of z - 1/3*z**3 - 7/2*z**2 + 0. Calculate p(-5).
3
Let w(m) = m**3 - 3*m + 2. Suppose -8*c + 12 = -4*c. Let a(g) = g**2 + 2*g - 3. Let s be a(-3). Suppose -5*l - 2*o + 8 = -c*o, -l + 5*o - 8 = s. What is w(l)?
4
Suppose 13 = -l + 15. Let s(v) = -2*v - 1. Calculate s(l).
-5
Let h(o) be the second derivative of 3*o + o**2 + 1/6*o**3 - 1/12*o**4 + 0. Let i be 2/(-8) - 2/(-8). What is h(i)?
2
Let g = 7 + -3. Let d(z) be the third derivative of -z**6/360 + z**5/120 + z**4/6 + z**3/2 - 6*z**2. Let u(n) be the first derivative of d(n). What is u(g)?
-8
Let t = 22 + 2. Suppose t - 6 = -6*l. Let z(h) = -1 + 6*h + 3 + h**2 + 1. Calculate z(l).
-6
Let t be (-1)/(2*3/(-12)). Let y(q) = 0*q**2 + q**t + 3*q + 2*q - 3. Calculate y(-4).
-7
Let k(f) = f**3 + 7*f**2 + 6*f - 3. Suppose -3*z - 3*y = 36 - 9, -2*y - 6 = 0. Give k(z).
-3
Let b be (-1 + 1)/(16/(-8)). Suppose b = -2*k + k. Suppose 5*d - d + 20 = k. Let n(j) = j**3 + 4*j**2 - 3*j - 2. Determine n(d).
-12
Let c(l) = 4*l**3 + 6*l**2 + 13*l + 2. Let p(q) = 3*q**3 + 4*q**2 + 9*q + 1. Let u(k) = -5*c(k) + 7*p(k). Determine u(3).
0
Let i be 1*(-3)/2*-2. Suppose 3*d - 19 = -4*j, -5*d + i*j + 0*j - 7 = 0. Let v(l) = 6*l - 3. Let b(x) = 17*x - 8. Let n(o) = -3*b(o) + 8*v(o). Calculate n(d).
-3
Let s(j) = 4*j**2 - 25 + 28 - 3*j**2 + 4*j. What is s(-4)?
3
Let l(q) = q + 1. Suppose -3*p - 2*p = 3*t - 45, 4*t = 2*p + 8. Suppose p = 3*a - 6*a. Determine l(a).
-1
Let c(m) = -4 + 3*m - 4*m**2 + 4 - 5 - 2 - m**3. What is c(-5)?
3
Let i(l) be the third derivative of l**5/60 - l**4/12 - 2*l**3/3 - l**2. Let j = 71 - 68. Give i(j).
-1
Let q(x) = x**3 + 2*x**2 - x - 1. Suppose -4*w - 1 = 7. Determine q(w).
1
Suppose -3*q - 12 = q. Let c(n) be